 and 69.
23
Calculate the greatest common factor of 60 and 4515.
15
What is the greatest common divisor of 148 and 4477?
37
What is the greatest common factor of 100 and 39700?
100
Calculate the greatest common factor of 10612 and 28.
28
What is the highest common divisor of 161 and 14?
7
What is the highest common divisor of 3649 and 267?
89
What is the greatest common factor of 29158 and 239?
239
Calculate the highest common factor of 5568 and 960.
192
Calculate the highest common factor of 1587 and 69.
69
What is the highest common divisor of 2410 and 10?
10
Calculate the greatest common factor of 80 and 5020.
20
Calculate the greatest common divisor of 1742 and 26.
26
Calculate the greatest common divisor of 91 and 1365.
91
Calculate the greatest common factor of 4238 and 26.
26
Calculate the highest common factor of 73 and 146.
73
What is the highest common divisor of 10 and 3280?
10
Calculate the highest common factor of 42 and 1050.
42
Calculate the highest common factor of 94 and 2162.
94
What is the highest common factor of 4899 and 69?
69
Calculate the highest common factor of 123 and 15088.
41
Calculate the greatest common factor of 5123 and 109.
109
What is the highest common divisor of 175 and 1120?
35
Calculate the highest common factor of 75 and 1725.
75
Calculate the greatest common factor of 37523 and 478.
239
What is the greatest common divisor of 131 and 3799?
131
Calculate the greatest common divisor of 195 and 169.
13
Calculate the greatest common divisor of 1005 and 15.
15
Calculate the highest common divisor of 1360 and 1190.
170
Calculate the greatest common divisor of 7059 and 39.
39
What is the highest common divisor of 25 and 3?
1
What is the highest common divisor of 388 and 4?
4
Calculate the greatest common factor of 425 and 25.
25
What is the highest common factor of 245 and 49?
49
What is the highest common divisor of 5 and 115?
5
What is the greatest common divisor of 610 and 244?
122
Calculate the greatest common divisor of 1318 and 2.
2
What is the highest common factor of 76 and 1330?
38
Calculate the highest common divisor of 27 and 108.
27
Calculate the highest common factor of 459 and 117.
9
Calculate the greatest common factor of 88 and 484.
44
What is the highest common factor of 21218 and 618?
206
Calculate the greatest common factor of 164 and 3321.
41
Calculate the highest common divisor of 45149 and 13.
13
Calculate the greatest common factor of 395 and 3871.
79
What is the greatest common divisor of 19 and 9253?
19
What is the greatest common divisor of 1285 and 12079?
257
Calculate the greatest common factor of 80 and 340.
20
Calculate the greatest common factor of 3400 and 1768.
136
What is the greatest common divisor of 10 and 400?
10
Calculate the highest common factor of 50 and 20.
10
What is the greatest common divisor of 174 and 774?
6
Calculate the greatest common factor of 9 and 408.
3
Calculate the highest common divisor of 12 and 4692.
12
Calculate the highest common factor of 34 and 170.
34
Calculate the highest common divisor of 803 and 11.
11
Calculate the greatest common divisor of 7 and 17.
1
What is the highest common divisor of 2 and 1318?
2
What is the greatest common divisor of 1218 and 1044?
174
What is the highest common factor of 171 and 133?
19
What is the greatest common divisor of 252 and 90?
18
Calculate the highest common factor of 315 and 2485.
35
What is the greatest common factor of 7 and 203?
7
Calculate the highest common divisor of 265 and 477.
53
Calculate the greatest common factor of 8 and 4000.
8
Calculate the highest common divisor of 9 and 207.
9
What is the greatest common divisor of 77 and 99?
11
What is the greatest common factor of 12052 and 184?
92
What is the highest common divisor of 414 and 345?
69
What is the greatest common factor of 777 and 10545?
111
Calculate the highest common factor of 2255 and 41.
41
Calculate the greatest common divisor of 22 and 8.
2
What is the greatest common divisor of 13545 and 70?
35
What is the greatest common factor of 186 and 8060?
62
What is the greatest common divisor of 21950 and 150?
50
Calculate the highest common divisor of 125 and 120.
5
What is the greatest common divisor of 56015 and 85?
85
Calculate the highest common factor of 60588 and 17.
17
Calculate the highest common divisor of 1040 and 60.
20
Calculate the highest common divisor of 91 and 416.
13
What is the highest common factor of 45 and 108?
9
What is the greatest common divisor of 105 and 3395?
35
What is the greatest common divisor of 3612 and 7?
7
What is the highest common factor of 23 and 24403?
23
What is the highest common factor of 64 and 706?
2
Calculate the greatest common divisor of 16 and 720.
16
What is the highest common divisor of 80 and 180?
20
What is the greatest common factor of 17145 and 135?
135
What is the greatest common factor of 55 and 121?
11
What is the highest common divisor of 920 and 40?
40
What is the highest common divisor of 1082 and 6?
2
What is the greatest common factor of 434 and 98?
14
What is the highest common divisor of 380 and 80?
20
What is the highest common factor of 2030 and 42?
14
What is the highest common divisor of 7020 and 24?
12
What is the highest common divisor of 4584 and 24?
24
What is the greatest common divisor of 121 and 4961?
121
What is the greatest common factor of 12 and 2076?
12
Calculate the greatest common factor of 42 and 10.
2
What is the greatest common factor of 159 and 1643?
53
What is the greatest common divisor of 3425 and 175?
25
Calculate the greatest common factor of 468 and 414.
18
What is the greatest common factor of 70 and 14?
14
Calculate the highest common factor of 180 and 940.
20
Calculate the greatest common factor of 600 and 68.
4
What is the greatest common factor of 15860 and 520?
260
Calculate the highest common factor of 3 and 192.
3
Calculate the highest common factor of 28 and 2114.
14
What is the highest common factor of 459 and 27?
27
Calculate the highest common divisor of 957 and 22.
11
What is the greatest common divisor of 250 and 48?
2
Calculate the greatest common factor of 1205 and 5.
5
What is the highest common factor of 715 and 117?
13
Calculate the greatest common factor of 72 and 1260.
36
What is the greatest common factor of 846 and 54?
18
What is the highest common divisor of 414 and 570?
6
Calculate the highest common divisor of 697 and 369.
41
What is the highest common divisor of 14 and 42?
14
Calculate the highest common divisor of 93 and 363.
3
What is the greatest common factor of 8908 and 136?
68
What is the highest common factor of 12 and 426?
6
Calculate the greatest common divisor of 6 and 471.
3
What is the highest common divisor of 147 and 441?
147
Calculate the highest common divisor of 46 and 2.
2
What is the greatest common divisor of 870 and 15?
15
What is the highest common divisor of 19 and 7619?
19
What is the highest common divisor of 1199 and 2?
1
Calculate the greatest common divisor of 20 and 236.
4
Calculate the greatest common divisor of 55 and 99.
11
What is the highest common factor of 621 and 69?
69
Calculate the greatest common factor of 231 and 42.
21
Calculate the highest common divisor of 5 and 108.
1
What is the greatest common divisor of 74 and 7474?
74
Calculate the greatest common divisor of 4891 and 67.
67
Calculate the greatest common factor of 451 and 8733.
41
Calculate the highest common divisor of 815 and 5.
5
What is the highest common factor of 210 and 5502?
42
Calculate the greatest common divisor of 504 and 111888.
504
Calculate the greatest common factor of 215 and 1247.
43
What is the greatest common factor of 75 and 375?
75
Calculate the greatest common factor of 28 and 42.
14
What is the greatest common factor of 46 and 5681?
23
What is the highest common divisor of 681 and 3?
3
Calculate the greatest common factor of 120 and 176.
8
Calculate the greatest common divisor of 4 and 10708.
4
Calculate the greatest common factor of 5 and 358.
1
Calculate the highest common divisor of 88 and 220.
44
What is the greatest common factor of 2115 and 225?
45
Calculate the greatest common factor of 345 and 8211.
69
What is the greatest common factor of 79 and 869?
79
What is the greatest common facto